-2*b - 21, -i*q + 8 + 34 = 2*b. Calculate f(q).
-7
Suppose 4*r + 64 = 5*t, 45*t - 31*t - 136 = 4*r. Let k(a) = 53*a**2 - 423*a - 7. What is k(t)?
1
Let b(m) = 6 + m - 8*m + 3 + 0*m + m**2. Let q = 3718 + -3712. Determine b(q).
3
Let q(m) = m - 10. Let d(c) = 11*c**2 + 1377*c + 262. Let i be d(-125). Calculate q(i).
2
Suppose -5*s - 22 = -3*s - 3*n, 0 = 2*n - 4. Let u(v) be the first derivative of 0*v + 9/2*v**2 - 4 + 1/3*v**3. Calculate u(s).
-8
Let v(s) = -s**3 - 2*s**2 - s - 3. Let i be 5/3*90/50. Suppose -12 = i*r + j, 5*j + 3 = -9*r + 13*r. Determine v(r).
9
Let s(g) = 2*g - 649501 - g + 649491. Give s(15).
5
Suppose 27 = 14*u + 83. Let j be 1 + u + -5 + 1 + 5. Let x(i) = 2*i**2 + 2*i - 2. What is x(j)?
2
Let p(o) = o + 2. Let k(v) = v + 45. Let a(w) = -k(w) + 3*p(w). Give a(27).
15
Let x(g) = -742*g**2 + 9*g + 1474*g**2 + 8 - 733*g**2. Let l = 13 + -6. Give x(l).
22
Let i(g) be the first derivative of -1/24*g**4 - 39/2*g**2 + 0*g**3 + 0*g + 35. Let k(w) be the second derivative of i(w). Determine k(6).
-6
Let t(z) = -20*z + 538. Let l = -16992 - -17019. Calculate t(l).
-2
Let y(w) be the second derivative of w**4/12 + w**3/6 - w**2/2 - 25*w. Let n(q) = 6*q. Let p be n(1). Suppose 5*t + p = m - 15, 0 = m + 3*t + 19. What is y(m)?
11
Let j(u) be the second derivative of u**4/6 + 2*u**3/3 + 7*u**2/2 - 6*u. Let i(v) be the first derivative of j(v). Suppose -12 - 8 = 4*m. Determine i(m).
-16
Let x(y) be the second derivative of -1/3*y**3 - 5*y + 1/10*y**5 + 3/2*y**2 + 0 - 1/12*y**4. Let a be 8 + 152/(-16) - (-21)/6. Give x(a).
11
Let p(q) = q**3 + 11*q**2 + 21*q + 20. Suppose 9*a + 284 - 212 = 0. Give p(a).
44
Let r(z) = -z**3 + 33*z**2 + 21*z + 452. Let f be r(34). Let h(p) = 7*p - 17. Let d(m) = -20*m + 50. Let y(u) = -6*d(u) - 17*h(u). Calculate y(f).
-1
Let s(i) be the third derivative of -i**7/840 + i**6/60 + i**5/15 - i**4/24 - 11*i**3/2 + 2*i**2 - 3. Let j(b) be the first derivative of s(b). Give j(7).
6
Let b(g) = g - 3 - 2*g - 8*g + 3*g. Suppose -i - 3*j - 48 = -29, 3*i = -4*j - 32. Determine b(i).
21
Let p = 350 + -347. Suppose -t = 5*n + 7, -17 + 8 = -p*t. Let k(j) = -j**2 + j - 2. Determine k(n).
-8
Suppose -o = -0*d + 5*d - 40, -33 = -o + 2*d. Suppose -27*q - 42 = -20*q. Let w be (-56)/o - 2 - q/10. Let p(g) = -2*g - 2. Determine p(w).
4
Let g(k) = 87*k**3 - k**2 + 2*k + 3. Let r(d) = d**2 + 85*d + 875. Let n be r(-12). Calculate g(n).
-87
Let w(f) = f**3 + 7*f**2 + 4*f - 13. Suppose 238*d - 36 = 241*d. Let k be 30/d + 28/(-8). What is w(k)?
-1
Let b(h) = -7*h - 1. Let t(n) = n**3 + n**2 - 3*n - 2. Let f be t(0). Let r be (f/4)/(15/(-30)). Calculate b(r).
-8
Suppose -5 = -6*y - 5. Let m be (0 + y)*(-1 + 0). Let p(k) = k**2 - k + 6. Determine p(m).
6
Let z(p) = p**2 + 5*p - 6. Suppose 21 - 5 = 42*u - 68. Calculate z(u).
8
Suppose -a = o - 0 - 7, -a - 2*o = -3. Suppose 6*q + 5 = a*q. Let x(k) = -10*k**2 + k. Determine x(q).
-9
Let d(i) = 80*i**3 + 6*i**2 + 9*i + 4. Let h(o) = -22*o**3 - o**2 - 2*o - 1. Let k(n) = 2*d(n) + 9*h(n). Give k(1).
-36
Let d(i) = -i**2 - 4*i + 18*i + 115 - 148. Give d(13).
-20
Suppose 0 = -3*s - 3*g + 45, 5*g = 13 - 38. Suppose 2*n - 4*v + 8 = 0, 2*v - 6*v + s = -4*n. Let z(m) = -m**3 - 6*m**2 + 2*m - 6. What is z(n)?
-18
Suppose -15 = -3*d - 3. Let o(m) be the third derivative of -m**5/60 - m**4/8 + m**3/6 - 758*m**2. Determine o(d).
-27
Suppose -5*x - 13 = 2. Let a(o) be the third derivative of -o**4/3 - o**3/6 + 24*o**2 - 16*o. Give a(x).
23
Let y(k) = 550*k + 2190. Let z be y(-4). Let i(c) = c**3 + 11*c**2 + 6*c - 30. Determine i(z).
10
Suppose -4*l - 15*l = 76. Let u(v) = -4*v**2 + 2*v - 7. Give u(l).
-79
Suppose 5*m = -5*m - 510. Let h = 65 + m. Let n(f) = 7 - 6 + 14*f - h*f - 3*f**2. What is n(2)?
-11
Let l(o) = -43*o - 10. Let h(f) = 5*f + 3. Let t(a) = -4*h(a) - l(a). What is t(-2)?
-48
Let b(o) = -o**3 - 4*o**2 + 2*o - 7. Let z be b(-5). Let f(i) = -2*i**3 - 4*i**2 - i + 4. Let x be f(-2). Let h(r) = 1499*r - 6 + 2 - x - 1497*r. Give h(z).
6
Let d(k) = 11 - 3*k + 4*k + 6. Let z(v) = 3*v**3 - 229*v**2 + 284*v + 1195. Let a be z(75). Give d(a).
12
Let y(f) = -23*f. Let z(r) = -8*r + 1. Let c(b) = -3*y(b) + 4*z(b). Determine c(3).
115
Let r(m) = -2*m**2 + 114*m. Let k(l) = -2*l**2 + 95*l + 1. Let n(w) = 6*k(w) - 5*r(w). Suppose 0 = 4*p - 20 - 0. Calculate n(p).
-44
Let c(q) = -q**3 - 12*q**2 - 9*q + 105. Let b be c(-10). Let p(t) = -23*t - 109. Calculate p(b).
6
Let b(m) = -m**2 + 16*m - 10. Suppose 5*w + 4*o = 18, 4*w - 5*o = -23 + 21. Suppose 5*d = w*l - 35, 2*l - 33 + 4 = -d. Determine b(l).
5
Let b(j) = j - 1. Let l(s) = 2*s + 5. Let f(t) = -4*b(t) - l(t). Suppose 0*z = 2*z + 2*m, 2*z + 5*m + 29 = 23. Give f(z).
-13
Let h(l) = 4*l**3 - 2*l + 1. Suppose -3*g - 9 = 5*f, g - 3*f = -18 + 29. Give h(g).
29
Suppose 4*t = -5*c + 54, 3*c - 11 = -t + 6. Let w(d) = d**3 - 10*d**2 - 15*d - 14. What is w(t)?
-58
Let r(b) = -3*b**3 - 7*b**2 - 54*b + 5. Let d(a) = -a**3 - 2*a**2 - 19*a + 2. Suppose -4*i = 41 - 85. Let h(n) = i*d(n) - 4*r(n). Give h(-5).
-8
Let b(h) = -5*h + 12. Let t(w) = -w**3 - 21*w**2 - 21*w - 9. Let x be t(-20). Suppose -u = 4*j - x - 8, -5*u = 5. What is b(j)?
-13
Let g(i) be the first derivative of i**5/60 - 3*i**4/8 - 4*i**3/3 + 17*i**2/2 + 48. Let c(w) be the second derivative of g(w). Determine c(9).
-8
Let y(f) = f**2 - 22*f - 4754. Let s be y(81). Let v(m) = m**2 - 27*m + 46. What is v(s)?
-4
Let m(z) = z + 12. Let g(o) = -12*o - 156. Let u(c) = -2*g(c) - 27*m(c). Let h be u(-6). Let p(b) = 2*b**2 - b**2 - 5*b + 3 + 3 - 3*b. What is p(h)?
-6
Let p = 140 - 124. Suppose 5*v + p = -d - 11, -v + 9 = 5*d. Let m(n) = -n - 6. What is m(v)?
0
Suppose 4*l - 826 = -114*l. Let w(q) = 4*q**3 - 27*q**2 - 6*q - 11. Determine w(l).
-4
Let s(z) = 8*z**2 - 3*z - 4. Let g(y) = -y**2 - 8*y + 103. Let u be g(-15). Give s(u).
34
Let u(b) = -2*b**3 - 20*b**2 + 21*b - 17. Suppose 0 = -3*s - n - 40, -32*n - 9 = 4*s - 37*n. Give u(s).
-6
Let j(d) be the third derivative of -3*d**4/8 + d**3 - 1224*d**2. Calculate j(1).
-3
Let n = 3 + -1. Let v(c) = 7*c**n + 2*c**2 + 7 - 3*c**2 + c**3 + 6*c. Suppose -50*b - 56*b + 50 = -116*b. What is v(b)?
2
Let g(q) be the second derivative of 177*q + 5/12*q**4 + 2/3*q**3 + 0 + 0*q**2. Determine g(-2).
12
Let n be (-16)/(-10)*6/((-12)/(-5)). Suppose -113*x + 112*x + 18 = 0. Let y(k) = -x*k + 16*k - k**2 - 2 + 8*k. Determine y(n).
6
Let o be (-3 + 1)/((-4)/52). Suppose -h = 21 - o. Let j(k) be the second derivative of -k**4/12 + 7*k**3/6 - 2*k. Calculate j(h).
10
Let r(h) = -h**3 - 5*h**2 + 5*h + 7. Let t be 252/(-3) + 0 + 5. Let f = 73 + t. Calculate r(f).
13
Let w(i) = 6*i - 95. Let g = -20503 - -20516. Calculate w(g).
-17
Let u = 12 - -17. Let q(h) = 25 - 28*h**2 + u*h**2 + 13*h - 13. What is q(-12)?
0
Suppose -53*u - 97 = -627. Let x(q) = -14*q**3 - 10*q**2 - 33*q - 18. Let b(l) = -5*l**3 - 3*l**2 - 11*l - 6. Let h(i) = 17*b(i) - 6*x(i). What is h(u)?
16
Let h be (-70)/80*(-20)/420. Let s(n) be the third derivative of 0*n - 1/60*n**5 + h*n**4 + 1/3*n**3 - 11*n**2 + 0. Calculate s(3).
-4
Let d(f) = 5*f**3 + 104*f**2 + f - 201. Let p(q) = q**3 + 21*q**2 - 40. Let o(c) = 2*d(c) - 11*p(c). Calculate o(-23).
-8
Let g(x) = 0*x**2 - 1002148 + x**2 - 25*x + 1002243. Give g(21).
11
Let j(c) = c**3 - 11*c**2 - 23*c - 28. Let y be 1/3 + -1 - (2 - (-846)/(-54)). Determine j(y).
11
Let q be 33*1/(-9)*-39. Let v = q - 153. Let w(b) = b**3 + 10*b**2 - 6. What is w(v)?
-6
Suppose 1693*m = 1703*m - 10. Let p(g) = -12*g**2 - g + 2. Determine p(m).
-11
Let v = -412 + 416. Suppose 3*y = -v*i + 32, 5*i - 4 = -y + 36. Let j(q) = 6 - 5*q - 5*q + 2*q**2 - q**2. Calculate j(i).
-10
Let f(j) = -3*j**3 + 2*j**2 - 20*j + 4. Let k(d) = -d**3 - 10*d + 1. Let v(u) = 2*f(u) - 5*k(u). Determine v(6).
-9
Let y(j) = -j**2 + 9*j - 5. Suppose 24 = n + 5*n. Suppose -4*h - 30 = -l - n, 4*h + 32 = 2*l. Calculate y(l).
13
Suppose 7*q - 39 = -4. Suppose 3 = f - 4*f + q*g, 0 = 2*g + 6. Let j(m) = -m**2 - 7*m + 2. What is j(f)?
8
Let c = 113 - 110. Suppose -y - 57 = -4*d, c*y - y = 3*d - 49. Let h(w) = 1 - 6 + 1 - 15*w + d*w. Calculate h(-3).
2
Let m(s) = s**2 - 17*s + 36. Let y be m(15). Suppose -y + 9 = -3*u. Let z(b) = -3*b**2 - b - 1. Determine z(u).
-3
Suppose -10*k + 58 - 8 = 0. Let n(a) = a + 3*a + 0*a